5 + 5 + 2 + 0. Let w = g + 1. Suppose 0*b + 581 = 3*b + 2*x, 3*x = -w*b + 582. What is the hundreds digit of b?
1
Let w(t) = 2*t**3 - t**2 + 2*t - 7. Let n be w(3). Let r be n/55 + (-712)/(-10). Let a = -25 + r. What is the tens digit of a?
4
Let w be (-20)/5 + 0 - -11. Suppose w*q - 1051 - 965 = 0. Suppose 6*m - 3*m = q. What is the units digit of m?
6
Let w(b) = 3641*b + 588. What is the units digit of w(5)?
3
Let b(d) = -d**2 + 3*d + 39. Let g(j) = -2*j**2 + 2*j + 78. Let p(h) = -5*b(h) + 2*g(h). What is the hundreds digit of p(39)?
0
Let y = 554 + -376. Let i = 415 + y. What is the hundreds digit of i?
5
Let q = 136 + -247. Let z = 116 + q. Suppose 0 = -a + 2*c - 6*c + 102, 219 = 2*a + z*c. What is the hundreds digit of a?
1
Let f = -6349 - -8709. What is the tens digit of f?
6
Let r(p) = -11*p**3 - p**2 - 3*p + 11. Let q be r(2). What is the hundreds digit of (-3622)/(-6) + (-29)/q?
6
Suppose -3*m = -2*m + 2*l - 162, -2*m + 324 = 3*l. Let b = m - -28. Suppose -2*g = -3*i - 116 - b, -i = 4. What is the hundreds digit of g?
1
Let l(t) = t - 10. Let g be l(11). Let r be (g/(-2))/((-2)/1020). Suppose -3*f = 2*v + v - r, -2*v - 3*f = -174. What is the units digit of v?
1
Let p be (-50)/(-120)*1492*(-2 - -32). Suppose -p + 53276 = 29*c. What is the units digit of c?
4
Suppose 0 = -17*l - 10*l + 1701. What is the hundreds digit of 6*-915*(-7)/l?
6
Suppose t - 2*u - 13075 = 0, -4*u + 52300 = 170*t - 166*t. What is the thousands digit of t?
3
Let t(z) = 2*z**3 + 22*z**2 + 3. Let j be t(-11). Suppose j*o - 1058 = -176. What is the units digit of 5/5 + (2 + o)/4?
5
Let g be 19 + -1 + (-152)/19. Suppose -4976 = -3*q + 2*h, -7*h - 3313 = -2*q - g*h. What is the units digit of q?
8
What is the ten thousands digit of (-14699 + -11)*44/(-55)?
1
Let x(n) be the first derivative of n**3/3 - n**2 - 10*n + 32. What is the hundreds digit of x(19)?
3
Suppose 0 = 26*y + 11074 - 518126. What is the hundreds digit of y?
5
What is the units digit of (554316/(-210))/((-10)/25)?
9
Let m be (-4)/((-16)/94) - 1/(-2). Suppose 7*q = -q + m. What is the tens digit of q/(-1 + (-10)/(-8))?
1
Let w(h) be the first derivative of -11*h**5/60 - 29*h**4/12 - 7*h**3/3 - 30. Let o(b) be the third derivative of w(b). What is the hundreds digit of o(-9)?
1
Let w = 8920 - 3756. What is the hundreds digit of w?
1
Let l = 53998 - 34595. What is the thousands digit of l?
9
Suppose 0 = 90*r + 29*r - 705075. What is the units digit of r?
5
Suppose -30 = q + 2*q. Let k(v) be the first derivative of -2*v**2 + 32*v - 26. What is the tens digit of k(q)?
7
Let i(w) = w - 3. Let z(u) = -u. Let c(s) = -i(s) - 2*z(s). Let q be c(-3). Suppose q = -18*v + 22*v - 176. What is the units digit of v?
4
Let u(s) = s**3 - 18*s**2 - 17*s - 20. Let d be u(19). Suppose d*p = 22*p - 8. What is the units digit of p*327*4/24 + -3?
6
What is the hundreds digit of (62756/(-8) + 2)*42/(-35)?
4
What is the hundreds digit of 49*257 + -2 + 12/2 + -3?
5
Suppose -9*j = 221 + 13. Let l = 12 - j. Let h = l + -21. What is the units digit of h?
7
Let h = 132 + -82. Let w = 321 - h. What is the tens digit of w?
7
Let n be (-374)/11 + (-1 - 2). Let z = n - -33. What is the units digit of 1768/(-51)*6/z?
2
Let s = -32014 - -47189. What is the units digit of s?
5
Suppose 0*w - 648 = -5*w - 2*d, 4*w - 532 = -5*d. What is the hundreds digit of (w/(-24))/(-8)*(2 + 661)?
4
Suppose -12 = -7*n - 54. What is the thousands digit of (-2 - -5)/(-18) + (-9601)/n?
1
Let t(g) be the first derivative of g**4/4 - g**2/2 - 5*g + 11. Let y be t(0). What is the tens digit of 83 + (-2 - y)/1?
8
Let l be 11/2 - (-2 - 1/(-2)). Suppose 9*s = -l - 47. What is the units digit of 116/2 - (s - -4)?
0
Suppose 398514 = -43*t + 3098269. What is the units digit of t?
5
Let b(g) = -21423*g + 4238. What is the hundreds digit of b(-3)?
5
Let s = -8 - -9. Let r be (5 + -4)/((-2)/(-8)*s). Suppose -r*a + 2*y = -a - 142, 2*y + 98 = 2*a. What is the units digit of a?
4
Let b(v) be the first derivative of -5 - 8*v**2 + 22 - 9*v**2 - 9 + 28*v. What is the tens digit of b(-7)?
6
Let u(p) = -2*p**2 + 735*p - 2499. What is the ten thousands digit of u(209)?
6
Suppose 0 = 39*b - 38*b + 89. Let z = -60 - b. Let j = z + 204. What is the tens digit of j?
3
Suppose 630*o - 627*o = -5*w + 30622, -40791 = -4*o + w. What is the thousands digit of o?
0
Let q(s) = -s**3 - 35*s**2 + 38*s + 70. Let d be q(-36). What is the tens digit of (d + 3)*(-9)/2*-174?
8
Let z be -6*44/(-45) + 4/30. What is the hundreds digit of (-8660)/(-12) - z/9?
7
Suppose k - 2*a = 7, k - 7*a - 9 = -3*a. Let u = k + 197. What is the hundreds digit of u?
2
Let t = 47405 + 9995. What is the units digit of t?
0
Suppose -f + 1360 = 5*l, -4*f - 2*l + 2350 + 3126 = 0. Let t = f - 633. What is the tens digit of t?
3
Suppose -177440 = -4*b - 4*k, 4*b + 164*k - 177441 = 159*k. What is the units digit of b?
9
Let c = 6211 - 4200. What is the units digit of c?
1
Let x(t) = -31*t + 158. Let w be x(0). Let z be 0/3*-1 + -57. Let y = w + z. What is the hundreds digit of y?
1
What is the tens digit of (-36948 - 4)*(-2)/4 + (0 - 0)?
7
Let j(g) = -g**3 - 34*g**2 - 73*g - 19. Let t be j(-32). Let z = -185 + t. What is the units digit of z?
4
Let i = 7933 - 4340. What is the thousands digit of i?
3
Suppose -3532*y - 4*r = -3533*y + 30879, -y + 30873 = 2*r. What is the ten thousands digit of y?
3
Let c = -1726 + 1156. Let p = c + 1151. What is the units digit of p?
1
Suppose 2*l = -z + 1256, -5*z + 2235 = 2*l - 4069. Let n = z + -573. What is the units digit of n?
9
Let c be (55/10 + -3)*-2. Let z be c/(-10)*-12 - 0. What is the tens digit of ((-18)/(-8))/(z/(-160))?
6
Let j(i) = 4*i**2 - 15*i + 9. Suppose q + 0*q - 21 = 2*h, -q = 5*h. Suppose 2*k - q = -3. What is the tens digit of j(k)?
6
Suppose 3*g = -4*b - 0*g + 108, b - 42 = 3*g. Suppose -o - b + 300 = -3*k, 5*k + 826 = 3*o. What is the tens digit of o?
8
Suppose -185 = 5*o - 5*g, 5*o = -0*g + 3*g - 177. Let c = -50 - -35. Let k = c - o. What is the units digit of k?
8
Suppose 5*t - 37 = -4*z, 2*z - 5*t = -5 - 14. Suppose 2*u = 0, -z*u - 171 = 4*n - 2311. What is the units digit of n?
5
What is the tens digit of (-56)/63*(-18)/4 - 147204/(-4)?
0
Suppose 2*v + 3*q - 35 = 2, 4*v + 4*q - 76 = 0. Let g = v + -8. What is the units digit of (-46)/(-6) + g/9?
9
Let i = -73644 + 116637. What is the ten thousands digit of i?
4
Let h be 2 + -7 + 6 + 1398. Suppose 0*l + h = 4*l - q, 3*q = 3*l - 1047. What is the units digit of l?
0
Let r be (-3)/(-1 + 4) - -27. Suppose -a - 4*n + 26 = -2*n, -a + 2*n + r = 0. What is the units digit of a?
6
Let k be (-1750)/(-425) - 4/34. Suppose k*a = -3*s + 54, -2*a + a = 3*s - 18. Suppose a*n = 13*n - 71. What is the tens digit of n?
7
Suppose 0 = -z - 7*c + 845 + 8638, -2*z = 2*c - 18906. What is the hundreds digit of z?
4
Let y(r) = 5*r**3 - r**2 + 1. Let w be y(1). Suppose -2*j = -3*j + w. Suppose -j*d = 10, -l - 5*d = -3*l + 54. What is the units digit of l?
2
Let b = 4496 - 2087. What is the tens digit of b?
0
Let g = -46477 - -93064. What is the ten thousands digit of g?
4
Let x(n) = -3*n - 45. Let k be x(-17). Let s(z) = 4*z**2 + 16*z - 3. Let h be s(-13). Suppose -k*g - h = -11*g. What is the units digit of g?
3
Let u = -9497 - -16253. What is the hundreds digit of u?
7
Let w(k) = k**3 + 6*k**2 + k - 3. Let m be w(-3). Let a = m - 17. Let c(g) = 42*g - 7. What is the hundreds digit of c(a)?
1
Let k(a) = 66*a - 611. Let c be k(9). Let h = -29 - -75. Let i = c + h. What is the units digit of i?
9
Let a be 19800/(((-24)/20)/((-8)/10)). Suppose 69*z - 14*z = a. What is the tens digit of z?
4
Suppose 0 = 5*x - 5*k - 26 - 4, 0 = 5*x - 4*k - 32. Suppose h = -3*h + x. Suppose h*n + 75 = 5*n. What is the tens digit of n?
2
Let l(u) = 355*u**2 - 2*u - 3. Let c be (-1 - 0)/(37 - 36). What is the tens digit of l(c)?
5
Let d(a) be the first derivative of -33*a**2/2 + 14*a - 13. Let p be d(-5). Let m = p + -101. What is the units digit of m?
8
What is the ten thousands digit of 16 + 27472 + (-18 - -6)?
2
Let s = -291 + 293. Suppose -s*v - 132 = -2*k, 0 = -5*k - v - 32 + 368. What is the tens digit of k?
6
Let x(z) = 4*z**3 - 26*z**2 + 48*z + 1. Let q be x(7). Let j = q - 263. What is the units digit of j?
2
What is the tens digit of (-78 + 4)/